(z)?
353
Let l(j) = -626*j + 16079. What are the prime factors of l(0)?
7, 2297
Let h be (-7 - -34)/3 - 2. Suppose 6368 = h*q + q. What are the prime factors of q?
2, 199
Suppose 0 = 6*v - 6 - 24. Let b be (4/(-8))/(((-20)/576)/v). Suppose 37 - b = -5*f. What are the prime factors of f?
7
Let u = 19 - -35. Suppose 0*i = 3*i - u. What are the prime factors of -3*(i/117 - (-1468)/(-78))?
2, 7
Suppose 0 = -2*g + 4, -x - 6 = -9*g + 6*g. Suppose k = 2*n - 2*k - 892, x = -2*n - 4*k + 920. What are the prime factors of n?
2, 113
Let g = -440 - -453. Suppose 2*t = 0, 4*a - g*t + 10*t = 2232. List the prime factors of a.
2, 3, 31
What are the prime factors of (759/(-15))/((-222)/234210)?
11, 23, 211
Let j(r) = 2*r**2 + 30*r - 20. Let k be j(-16). Suppose 11170 = k*g + 898. What are the prime factors of g?
2, 107
Suppose 2*d + 2 = 0, c - 5083 = -d - d. List the prime factors of c.
3, 5, 113
Suppose -5*x - 8*x - 18*x = -878199. What are the prime factors of x?
3, 7, 19, 71
Suppose 199*p = 192*p + 3437. Let c = 976 - p. What are the prime factors of c?
5, 97
Let q be ((-5 - -5)/(-2 + 0))/3. Suppose -c + q = 3, 5*c = 4*m - 263. List the prime factors of m.
2, 31
Suppose 58*c - 600 = 46*c. Suppose 23*d - 22*d = c. What are the prime factors of d?
2, 5
Let c(t) = 16*t - 3 - 9 + 4*t + 10*t. What are the prime factors of c(7)?
2, 3, 11
Let i be 38/(-551) + (-5978)/(-58). Let o = i - -1388. What are the prime factors of o?
3, 7, 71
Let r(a) = -7*a**2 + 6*a - 1. Let v(s) = 5*s**2 - 4*s + 1. Let o(g) = 5*r(g) + 8*v(g). Let h = -2375 + 2371. List the prime factors of o(h).
7, 13
Let u(o) = o**2 - 3*o - 3. Suppose w + g - 5 = -0*w, 5*g - 17 = -w. Suppose 7*d = -5*r + 2*d, w*r = -d - 5. List the prime factors of u(r).
37
Suppose -h + 3174 = 2*q - 5460, 3*h - 5*q - 25913 = 0. List the prime factors of h.
2, 17, 127
Suppose -4*g + 41 + 11 = 0. Suppose g = v - 2*v + 4*u, 2*v - 18 = -3*u. Suppose v*h - 11 = 76. What are the prime factors of h?
29
Let d(n) = 2*n - 27. Let g(o) = -28 + 15*o + 25*o - 38*o. Let p(c) = 4*d(c) - 3*g(c). List the prime factors of p(22).
2, 5
Let i(g) = g**2 + 9*g + 1. Let d be i(-7). Let o(n) = -n**2 - 6*n - 15. Let f be o(d). What are the prime factors of f/(-9) + -1 - (-26)/117?
11
Let g(x) be the third derivative of -x**5/60 - 37*x**4/24 - 37*x**3/6 - 20*x**2. List the prime factors of g(-24).
5, 11
Let p be 8/(-20) - 2588/(-20). Suppose -4*b + p = -51. Suppose -8*j = -7*j - b. What are the prime factors of j?
3, 5
Suppose 0*q - 32*q + 384 = 0. Suppose 16*l - q*l = a + 1980, -3*l + 4*a = -1472. What are the prime factors of l?
2, 31
Suppose -19*t = -14*t + 5. List the prime factors of (-328)/t - 4/(0 - 4).
7, 47
Let r = -1865 - -3818. List the prime factors of r.
3, 7, 31
What are the prime factors of ((-2)/(-6))/((-5)/(-195710)) + (-2)/(-3)?
2, 7, 233
Let y = 31379 + -14885. What are the prime factors of y?
2, 3, 2749
Suppose -12*a - 10*a = -14*a - 282016. What are the prime factors of a?
2, 7, 1259
What are the prime factors of 57960/350*30/9?
2, 3, 23
Let x(n) be the third derivative of -n**6/120 + 3*n**5/10 - 11*n**4/24 - 19*n**3/6 - 77*n**2. List the prime factors of x(8).
13, 41
Suppose -202026 = -81*n + 5585748. List the prime factors of n.
2, 3, 11909
Suppose 11*g = -56*g + 281132. List the prime factors of g.
2, 1049
Let s = 282 + -278. Suppose 5*z - 4*w + 650 = 8*z, s*w = 20. List the prime factors of z.
2, 3, 5, 7
What are the prime factors of 55/(14/(-119) + (-61)/(-374))?
2, 5, 11
Suppose 2*p = -0 + 8. Let l(b) = b**3 - 15*b**2 - 12*b + 1. Let d be l(16). Suppose -6*o = -p*o - 2*m - 40, 2*o + 3*m = d. What are the prime factors of o?
5
Let v be 6 + 7/((-42)/30). List the prime factors of 635 - v/(-5 + (-28)/(-6)).
2, 11, 29
Let c = 21675 - 9827. List the prime factors of c.
2, 1481
Suppose 2*b = 4*m + 7102, b - 779*m = -774*m + 3572. What are the prime factors of b?
3, 131
Suppose -3*y + 21*p = 18*p, y - 3*p = -8. Suppose v - 205 = -v + 5*s, 4*v = -y*s + 452. List the prime factors of v.
2, 5, 11
Let o = 11531 - 6719. List the prime factors of o.
2, 3, 401
Suppose 1029 = 78*v - 75489. List the prime factors of v.
3, 109
Let u(a) = -26*a - 18. Let z(y) = 53*y + 36. Let k(r) = 7*u(r) + 3*z(r). Suppose 8*l + 1 = -39. What are the prime factors of k(l)?
97
Let p(v) be the second derivative of -12*v + 0 + 7/12*v**4 - 1/20*v**5 + 2*v**2 - 1/6*v**3. List the prime factors of p(6).
2, 17
Let q(d) = -26*d - 13 - 1 - 33 - 16*d. List the prime factors of q(-9).
331
Let u be -3*2/24*4*-2. Suppose -3*s + 1970 = u*l + 3*l, -4*s + 2612 = 3*l. List the prime factors of s.
2, 5, 13
Let y = -27315 + 42913. What are the prime factors of y?
2, 11, 709
What are the prime factors of 1 - (10 - 516920/20)?
7, 3691
Suppose 0 = -k + 9*k - 16. Suppose 2*i + 24 = -r, i - k = -4*r - 14. Let p = i + 141. What are the prime factors of p?
3, 43
Let t be (-1513)/(-9) - (-1)/(-9). What are the prime factors of (t/54)/(-14) + 5420/9?
2, 7, 43
Let x be ((-8)/3)/((-6)/801). Suppose -u + x = -m, m - 166 - 196 = -u. List the prime factors of u.
359
Let y = -41 - -69. Let g(n) = n**3 - 6*n**2 - 5*n + 37. Let x be g(6). What are the prime factors of x/(y/624) - -2?
2, 79
List the prime factors of (-6)/(-54) + (-5421)/(-9)*(-224)/(-21).
5, 257
Let z(u) = -2*u - 16. Let k be z(-15). Let v(h) = -h**2 + 13*h + 13. Let i be v(k). List the prime factors of 38/1 - (-4)/i.
2, 17
What are the prime factors of 9 - 10/((-70)/157941)?
2, 3, 11, 19
Let s(q) = 3*q**2 - 52*q + 59. Let v be s(37). Let p = v + -1584. What are the prime factors of p?
2, 7, 47
Let r = 125 + -186. Let o = 7 - r. What are the prime factors of (o/(-6))/(20/(-90))?
3, 17
List the prime factors of 1*2 - (-3680 + 157).
3, 5, 47
Let g(v) = 5*v**2 + 12*v - 13. Suppose 4*u - 10*w - 28 = -11*w, -3*u + 10 = -2*w. What are the prime factors of g(u)?
239
Let h = 624 + -416. Let a = -28 + 84. Suppose 4*f = 3*y - h, -y + a = -5*f + f. What are the prime factors of y?
2, 19
Let s(q) = -q**2 - 14*q - 19. Let j(p) = p**2 + 14*p + 19. Let c(f) = -3*j(f) - 2*s(f). Let r be c(-12). List the prime factors of 3 - (r/(-2))/(9/18).
2
Suppose 2*a - 57729 = 9*w, -5*a + w + 144295 = 6*w. What are the prime factors of a?
2, 3, 5, 13, 37
What are the prime factors of 4/22 + (-27054320)/(-3410)?
2, 3967
Let u be (2/(-6))/(-3*3/28215). Suppose -4*l - u = -5*y, 5*y - 1090 = -0*y - 5*l. List the prime factors of y.
3, 71
Suppose -377 = 6*b - 19*b. Suppose 3*m - q = m - 7, -3*q - b = 4*m. List the prime factors of 2/m + (-2)/(-20)*1654.
3, 5, 11
Let f(x) = -21*x - 8. Let w be f(-10). Suppose 82 = 2*t - w. List the prime factors of t.
2, 71
Suppose -68 = -2*f - 38. Suppose 1 = 8*c - f. Suppose 2*l = 6, c*l + 3*l = 4*n - 297. What are the prime factors of n?
2, 3, 13
Let c(x) = -2*x**3 + 2*x**2 - 3*x. Let u be c(2). What are the prime factors of u/(-7)*-10*-26?
2, 5, 13
What are the prime factors of (-2)/(88/(-635500)) + (-102)/561?
11, 13, 101
Suppose 7*a + 14662 = 9*a + 2*q, 12*q - 36676 = -5*a. List the prime factors of a.
2, 229
Suppose 4*j + 737 = z, 2*j - 4*z = -2*z - 364. Let c = 866 + j. Suppose 5*l + 51 = c. What are the prime factors of l?
2, 3, 7
Let p(h) = -4*h**3 + 6*h**2 + 8*h + 2. Let y be p(-1). Suppose -3*a = 4*j - 1301, 1620 = y*j + j + 5*a. List the prime factors of j.
7, 47
Let r(d) = -825*d - 2728. What are the prime factors of r(-6)?
2, 11, 101
Let s = 38 - 27. Suppose 7*i - 17 = s. Suppose 0 = 5*t - 5*o + 4*o - 795, -3*t = i*o - 477. List the prime factors of t.
3, 53
Suppose c - 100 = 3*c. Let u = c + 88. Let v = 3 + u. List the prime factors of v.
41
Suppose -154*q - 36 = -163*q. Suppose 0 = -q*l - 5*i + 7*i + 2700, i = -4*l + 2688. List the prime factors of l.
673
Let m(p) = 549*p**2 - 40*p + 136. What are the prime factors of m(4)?
2, 3, 5, 73
Suppose -27*i = -15*i + 504. List the prime factors of (-11 + i)/(1/(-2)).
2, 53
Let k(o) = 2 - 8 + 30*o - 7*o - 22. What are the prime factors of k(6)?
2, 5, 11
Let l(y) = -80*y + 1. Let o be l(4). Let w = -43 - o. List the prime factors of w.
2, 3, 23
Suppose 22 - 3190 = 12*g. Let i = 50 - g. What are the prime factors of i?
2, 157
Let d(i) = -2*i**2 - 12*i - 21. Let c be d(-3). What are the prime factors of (-8)/(7 + c) + 854?
2, 3, 71
Let w be (-1 + 10)*(-4)/(-6). 